{"id":728,"date":"2020-05-20T15:30:25","date_gmt":"2020-05-20T19:30:25","guid":{"rendered":"https:\/\/immigrant-entrepreneur.ca\/?page_id=728"},"modified":"2020-05-26T15:39:19","modified_gmt":"2020-05-26T19:39:19","slug":"contactez-nous","status":"publish","type":"page","link":"https:\/\/immigrant-entrepreneur.ca\/?page_id=728","title":{"rendered":"CONTACTEZ-NOUS"},"content":{"rendered":"\t\t<div data-elementor-type=\"wp-page\" data-elementor-id=\"728\" class=\"elementor elementor-728\">\n\t\t\t\t\t\t<section class=\"elementor-section elementor-top-section elementor-element elementor-element-14ff9a6 elementor-section-boxed elementor-section-height-default elementor-section-height-default\" data-id=\"14ff9a6\" data-element_type=\"section\">\n\t\t\t\t\t\t<div class=\"elementor-container elementor-column-gap-default\">\n\t\t\t\t\t<div class=\"elementor-column elementor-col-50 elementor-top-column elementor-element elementor-element-c2e4ac7\" data-id=\"c2e4ac7\" data-element_type=\"column\">\n\t\t\t<div class=\"elementor-widget-wrap elementor-element-populated\">\n\t\t\t\t\t\t<div class=\"elementor-element elementor-element-c7e198c elementor-widget elementor-widget-heading\" data-id=\"c7e198c\" data-element_type=\"widget\" data-widget_type=\"heading.default\">\n\t\t\t\t<div class=\"elementor-widget-container\">\n\t\t\t\t\t<h2 class=\"elementor-heading-title elementor-size-default\">CONTACTEZ-NOUS<\/h2>\t\t\t\t<\/div>\n\t\t\t\t<\/div>\n\t\t\t\t<div class=\"elementor-element elementor-element-4babc0c elementor-widget elementor-widget-text-editor\" data-id=\"4babc0c\" data-element_type=\"widget\" data-widget_type=\"text-editor.default\">\n\t\t\t\t<div class=\"elementor-widget-container\">\n\t\t\t\t\t\t\t\t\t<p><strong>1980, rue Sherbrooke Ouest<br \/>Bureau 700<br \/>Montr\u00e9al (Qu\u00e9bec) H3H 1E8<br \/>Canada<br \/><\/strong>T\u00e9l.: +1 514 907-3231<br \/>Fax: +1 514 375-1402<\/p><p><strong>Lignes directes VoIP:<\/strong><br \/>Washington, DC: +1 202-536-4504<br \/>Paris: +33 1 72 77 43 74<br \/>Caracas: +58 212-720-5126<\/p><p><strong>Site web<\/strong><br \/><a href=\"https:\/\/wmr-law.ca\/es\/?utm_source=blog&amp;utm_medium=referal&amp;utm_campaign=derecho_para_inmigrantes&amp;utm_term=contact_page\">www.wmr-law.ca<\/a><\/p>\t\t\t\t\t\t\t\t<\/div>\n\t\t\t\t<\/div>\n\t\t\t\t\t<\/div>\n\t\t<\/div>\n\t\t\t\t<div class=\"elementor-column elementor-col-50 elementor-top-column elementor-element elementor-element-efb8bc7\" data-id=\"efb8bc7\" data-element_type=\"column\">\n\t\t\t<div class=\"elementor-widget-wrap elementor-element-populated\">\n\t\t\t\t\t\t<div class=\"elementor-element elementor-element-cb1f1a8 elementor-widget elementor-widget-google_maps\" data-id=\"cb1f1a8\" data-element_type=\"widget\" data-widget_type=\"google_maps.default\">\n\t\t\t\t<div class=\"elementor-widget-container\">\n\t\t\t\t\t\t\t<div class=\"elementor-custom-embed\">\n\t\t\t<iframe loading=\"lazy\"\n\t\t\t\t\tsrc=\"https:\/\/maps.google.com\/maps?q=Wellstein%20Mora%20Rodriguez%20International%20s.a.&#038;t=m&#038;z=16&#038;output=embed&#038;iwloc=near\"\n\t\t\t\t\ttitle=\"Wellstein Mora Rodriguez International s.a.\"\n\t\t\t\t\taria-label=\"Wellstein Mora Rodriguez International s.a.\"\n\t\t\t><\/iframe>\n\t\t<\/div>\n\t\t\t\t\t\t<\/div>\n\t\t\t\t<\/div>\n\t\t\t\t\t<\/div>\n\t\t<\/div>\n\t\t\t\t\t<\/div>\n\t\t<\/section>\n\t\t\t\t<section class=\"elementor-section elementor-top-section elementor-element elementor-element-4616d49 elementor-section-boxed elementor-section-height-default elementor-section-height-default\" data-id=\"4616d49\" data-element_type=\"section\">\n\t\t\t\t\t\t<div class=\"elementor-container elementor-column-gap-default\">\n\t\t\t\t\t<div class=\"elementor-column elementor-col-50 elementor-top-column elementor-element elementor-element-4484a59\" data-id=\"4484a59\" data-element_type=\"column\">\n\t\t\t<div class=\"elementor-widget-wrap\">\n\t\t\t\t\t\t\t<\/div>\n\t\t<\/div>\n\t\t\t\t<div class=\"elementor-column elementor-col-50 elementor-top-column elementor-element elementor-element-68a80ed\" data-id=\"68a80ed\" data-element_type=\"column\" data-settings=\"{&quot;background_background&quot;:&quot;classic&quot;}\">\n\t\t\t<div class=\"elementor-widget-wrap elementor-element-populated\">\n\t\t\t\t\t\t<div class=\"elementor-element elementor-element-cc65fdc elementor-widget elementor-widget-heading\" data-id=\"cc65fdc\" data-element_type=\"widget\" data-widget_type=\"heading.default\">\n\t\t\t\t<div class=\"elementor-widget-container\">\n\t\t\t\t\t<h4 class=\"elementor-heading-title elementor-size-default\">\u00c9CRIVEZ-NOUS<\/h4>\t\t\t\t<\/div>\n\t\t\t\t<\/div>\n\t\t\t\t<div class=\"elementor-element elementor-element-fd30f0b elementor-widget elementor-widget-form\" data-id=\"fd30f0b\" data-element_type=\"widget\" data-widget_type=\"form.default\">\n\t\t\t\t<div class=\"elementor-widget-container\">\n\t\t\t\t\t \t\t\t\t<\/div>\n\t\t\t\t<\/div>\n\t\t\t\t\t<\/div>\n\t\t<\/div>\n\t\t\t\t\t<\/div>\n\t\t<\/section>\n\t\t\t\t<\/div>\n\t\t","protected":false},"excerpt":{"rendered":"<p>CONTACTEZ-NOUS 1980, rue Sherbrooke Ouest Bureau 700 Montr\u00e9al (Qu\u00e9bec) H3H 1E8 Canada T\u00e9l.: +1 514 907-3231 Fax: +1 514 375-1402 Lignes directes VoIP: Washington, DC: +1 202-536-4504 Paris: +33 1 72 77 43 74 Caracas: +58 212-720-5126 Site web www.wmr-law.ca \u00c9CRIVEZ-NOUS<\/p>\n","protected":false},"author":2,"featured_media":0,"parent":0,"menu_order":0,"comment_status":"closed","ping_status":"closed","template":"","meta":{"footnotes":""},"class_list":["post-728","page","type-page","status-publish","hentry"],"yoast_head":"<!-- This site is optimized with the Yoast SEO plugin v25.8 - https:\/\/yoast.com\/wordpress\/plugins\/seo\/ -->\n<title>CONTACTEZ-NOUS - Immigrant Entrepreneur<\/title>\n<meta name=\"robots\" content=\"index, follow, max-snippet:-1, max-image-preview:large, max-video-preview:-1\" \/>\n<link rel=\"canonical\" href=\"https:\/\/immigrant-entrepreneur.ca\/?page_id=728\" \/>\n<meta property=\"og:locale\" content=\"en_US\" \/>\n<meta property=\"og:type\" content=\"article\" \/>\n<meta property=\"og:title\" content=\"CONTACTEZ-NOUS - Immigrant Entrepreneur\" \/>\n<meta property=\"og:description\" content=\"CONTACTEZ-NOUS 1980, rue Sherbrooke Ouest Bureau 700 Montr\u00e9al (Qu\u00e9bec) H3H 1E8 Canada T\u00e9l.: +1 514 907-3231 Fax: +1 514 375-1402 Lignes directes VoIP: Washington, DC: +1 202-536-4504 Paris: +33 1 72 77 43 74 Caracas: +58 212-720-5126 Site web www.wmr-law.ca \u00c9CRIVEZ-NOUS\" \/>\n<meta property=\"og:url\" content=\"https:\/\/immigrant-entrepreneur.ca\/?page_id=728\" \/>\n<meta property=\"og:site_name\" content=\"Immigrant Entrepreneur\" \/>\n<meta property=\"article:modified_time\" content=\"2020-05-26T19:39:19+00:00\" \/>\n<meta name=\"twitter:card\" content=\"summary_large_image\" \/>\n<script type=\"application\/ld+json\" class=\"yoast-schema-graph\">{\"@context\":\"https:\/\/schema.org\",\"@graph\":[{\"@type\":\"WebPage\",\"@id\":\"https:\/\/immigrant-entrepreneur.ca\/?page_id=728\",\"url\":\"https:\/\/immigrant-entrepreneur.ca\/?page_id=728\",\"name\":\"CONTACTEZ-NOUS - Immigrant Entrepreneur\",\"isPartOf\":{\"@id\":\"https:\/\/immigrant-entrepreneur.ca\/#website\"},\"datePublished\":\"2020-05-20T19:30:25+00:00\",\"dateModified\":\"2020-05-26T19:39:19+00:00\",\"breadcrumb\":{\"@id\":\"https:\/\/immigrant-entrepreneur.ca\/?page_id=728#breadcrumb\"},\"inLanguage\":\"en-US\",\"potentialAction\":[{\"@type\":\"ReadAction\",\"target\":[\"https:\/\/immigrant-entrepreneur.ca\/?page_id=728\"]}]},{\"@type\":\"BreadcrumbList\",\"@id\":\"https:\/\/immigrant-entrepreneur.ca\/?page_id=728#breadcrumb\",\"itemListElement\":[{\"@type\":\"ListItem\",\"position\":1,\"name\":\"Home\",\"item\":\"https:\/\/immigrant-entrepreneur.ca\/\"},{\"@type\":\"ListItem\",\"position\":2,\"name\":\"CONTACTEZ-NOUS\"}]},{\"@type\":\"WebSite\",\"@id\":\"https:\/\/immigrant-entrepreneur.ca\/#website\",\"url\":\"https:\/\/immigrant-entrepreneur.ca\/\",\"name\":\"Immigrant Entrepreneur\",\"description\":\"\",\"potentialAction\":[{\"@type\":\"SearchAction\",\"target\":{\"@type\":\"EntryPoint\",\"urlTemplate\":\"https:\/\/immigrant-entrepreneur.ca\/?s={search_term_string}\"},\"query-input\":{\"@type\":\"PropertyValueSpecification\",\"valueRequired\":true,\"valueName\":\"search_term_string\"}}],\"inLanguage\":\"en-US\"}]}<\/script>\n<!-- \/ Yoast SEO plugin. -->","yoast_head_json":{"title":"CONTACTEZ-NOUS - Immigrant Entrepreneur","robots":{"index":"index","follow":"follow","max-snippet":"max-snippet:-1","max-image-preview":"max-image-preview:large","max-video-preview":"max-video-preview:-1"},"canonical":"https:\/\/immigrant-entrepreneur.ca\/?page_id=728","og_locale":"en_US","og_type":"article","og_title":"CONTACTEZ-NOUS - Immigrant Entrepreneur","og_description":"CONTACTEZ-NOUS 1980, rue Sherbrooke Ouest Bureau 700 Montr\u00e9al (Qu\u00e9bec) H3H 1E8 Canada T\u00e9l.: +1 514 907-3231 Fax: +1 514 375-1402 Lignes directes VoIP: Washington, DC: +1 202-536-4504 Paris: +33 1 72 77 43 74 Caracas: +58 212-720-5126 Site web www.wmr-law.ca \u00c9CRIVEZ-NOUS","og_url":"https:\/\/immigrant-entrepreneur.ca\/?page_id=728","og_site_name":"Immigrant Entrepreneur","article_modified_time":"2020-05-26T19:39:19+00:00","twitter_card":"summary_large_image","schema":{"@context":"https:\/\/schema.org","@graph":[{"@type":"WebPage","@id":"https:\/\/immigrant-entrepreneur.ca\/?page_id=728","url":"https:\/\/immigrant-entrepreneur.ca\/?page_id=728","name":"CONTACTEZ-NOUS - Immigrant Entrepreneur","isPartOf":{"@id":"https:\/\/immigrant-entrepreneur.ca\/#website"},"datePublished":"2020-05-20T19:30:25+00:00","dateModified":"2020-05-26T19:39:19+00:00","breadcrumb":{"@id":"https:\/\/immigrant-entrepreneur.ca\/?page_id=728#breadcrumb"},"inLanguage":"en-US","potentialAction":[{"@type":"ReadAction","target":["https:\/\/immigrant-entrepreneur.ca\/?page_id=728"]}]},{"@type":"BreadcrumbList","@id":"https:\/\/immigrant-entrepreneur.ca\/?page_id=728#breadcrumb","itemListElement":[{"@type":"ListItem","position":1,"name":"Home","item":"https:\/\/immigrant-entrepreneur.ca\/"},{"@type":"ListItem","position":2,"name":"CONTACTEZ-NOUS"}]},{"@type":"WebSite","@id":"https:\/\/immigrant-entrepreneur.ca\/#website","url":"https:\/\/immigrant-entrepreneur.ca\/","name":"Immigrant Entrepreneur","description":"","potentialAction":[{"@type":"SearchAction","target":{"@type":"EntryPoint","urlTemplate":"https:\/\/immigrant-entrepreneur.ca\/?s={search_term_string}"},"query-input":{"@type":"PropertyValueSpecification","valueRequired":true,"valueName":"search_term_string"}}],"inLanguage":"en-US"}]}},"_links":{"self":[{"href":"https:\/\/immigrant-entrepreneur.ca\/index.php?rest_route=\/wp\/v2\/pages\/728","targetHints":{"allow":["GET"]}}],"collection":[{"href":"https:\/\/immigrant-entrepreneur.ca\/index.php?rest_route=\/wp\/v2\/pages"}],"about":[{"href":"https:\/\/immigrant-entrepreneur.ca\/index.php?rest_route=\/wp\/v2\/types\/page"}],"author":[{"embeddable":true,"href":"https:\/\/immigrant-entrepreneur.ca\/index.php?rest_route=\/wp\/v2\/users\/2"}],"replies":[{"embeddable":true,"href":"https:\/\/immigrant-entrepreneur.ca\/index.php?rest_route=%2Fwp%2Fv2%2Fcomments&post=728"}],"version-history":[{"count":5,"href":"https:\/\/immigrant-entrepreneur.ca\/index.php?rest_route=\/wp\/v2\/pages\/728\/revisions"}],"predecessor-version":[{"id":979,"href":"https:\/\/immigrant-entrepreneur.ca\/index.php?rest_route=\/wp\/v2\/pages\/728\/revisions\/979"}],"wp:attachment":[{"href":"https:\/\/immigrant-entrepreneur.ca\/index.php?rest_route=%2Fwp%2Fv2%2Fmedia&parent=728"}],"curies":[{"name":"wp","href":"https:\/\/api.w.org\/{rel}","templated":true}]}}