{"id":719,"date":"2020-05-20T15:19:55","date_gmt":"2020-05-20T19:19:55","guid":{"rendered":"https:\/\/immigrant-entrepreneur.ca\/?page_id=719"},"modified":"2025-09-16T15:32:30","modified_gmt":"2025-09-16T19:32:30","slug":"les-auteurs","status":"publish","type":"page","link":"https:\/\/immigrant-entrepreneur.ca\/?page_id=719","title":{"rendered":"Me Oscar Rodriguez-Pacanins"},"content":{"rendered":"\t\t<div data-elementor-type=\"wp-page\" data-elementor-id=\"719\" class=\"elementor elementor-719\">\n\t\t\t\t\t\t<section class=\"elementor-section elementor-top-section elementor-element elementor-element-b38652a elementor-section-boxed elementor-section-height-default elementor-section-height-default\" data-id=\"b38652a\" data-element_type=\"section\">\n\t\t\t\t\t\t<div class=\"elementor-container elementor-column-gap-default\">\n\t\t\t\t\t<div class=\"elementor-column elementor-col-50 elementor-top-column elementor-element elementor-element-98f5cfb\" data-id=\"98f5cfb\" data-element_type=\"column\">\n\t\t\t<div class=\"elementor-widget-wrap elementor-element-populated\">\n\t\t\t\t\t\t<div class=\"elementor-element elementor-element-4c61eec elementor-widget elementor-widget-text-editor\" data-id=\"4c61eec\" data-element_type=\"widget\" data-widget_type=\"text-editor.default\">\n\t\t\t\t<div class=\"elementor-widget-container\">\n\t\t\t\t\t\t\t\t\t<h4><strong>ME OSCAR RODRIGUEZ-PACANINS<\/strong><\/h4>\n<p>Fondateur et partenaire de gestion du bureau de Montr\u00e9al, il est charg\u00e9 du p\u00f4le affaires et du bureau latino-am\u00e9ricain chez WMR. Ses domaines de pratique principaux sont l\u2019immigration \u00e9conomique et d\u2019affaires, le droit corporatif, les contrats et obligations, ainsi que les litiges civils et commerciaux.<\/p>\n<p>Dans sa pratique quotidienne, il assiste et guide les professionnels, les entrepreneurs et les investisseurs \u00e9trangers dans leur implantation au Canada et plus particuli\u00e8rement au Qu\u00e9bec. Au fil des ann\u00e9es, il a apport\u00e9 des solutions pratiques et efficaces aux probl\u00e8mes de mobilit\u00e9 internationale et d\u2019immigration de nombreux entrepreneurs, cadres et salari\u00e9s.<\/p>\n<p>De par son exp\u00e9rience acquise pendant des nombreuses ann\u00e9es comme avocat d\u2019affaires, il connait parfaitement la probl\u00e9matique des entreprises et des entrepreneurs dans toutes les \u00e9tapes du cycle de vie d\u2019un projet d\u2019affaires, que ce soit au lancement ou d\u00e9marrage, lors d\u2019une reprise ou une restructuration, des acquisitions, un projet d\u2019expansion internationale, ou bien lors de sa vente ou sa transmission \u00e0 la g\u00e9n\u00e9ration de rel\u00e8ve.<\/p>\n<p>Cette connaissance d\u2019affaires est essentielle pour identifier les besoins des candidats \u00e0 l\u2019immigration et dresser un diagnostic strat\u00e9gique complet favorisant une prise de d\u00e9cision \u00e9clair\u00e9e et la mise en place de proc\u00e9dures d\u2019immigration, de structures corporatives ou de transactions d\u2019affaires ad\u00e9quates et bien planifi\u00e9es en fonction des objectifs tant \u00e0 court qu\u2019\u00e0 long terme du client.<\/p>\n<p>Consultez le profil complet de Me Rodriguez-Pacanins<a href=\"https:\/\/wmr-law.ca\/me-oscar-rodriguez-pacanins\/\" target=\"_blank\"> ICI<\/a>, ainsi que celui des autres membres de l\u2019\u00e9quipe WMR sur&nbsp;<a href=\"https:\/\/wmr-law.ca\/notre-equipe\/\" target=\"_blank\">CE LIEN<\/a>.<\/p>\t\t\t\t\t\t\t\t<\/div>\n\t\t\t\t<\/div>\n\t\t\t\t\t<\/div>\n\t\t<\/div>\n\t\t\t\t<div class=\"elementor-column elementor-col-50 elementor-top-column elementor-element elementor-element-5ea8a71\" data-id=\"5ea8a71\" data-element_type=\"column\">\n\t\t\t<div class=\"elementor-widget-wrap elementor-element-populated\">\n\t\t\t\t\t\t<div class=\"elementor-element elementor-element-23f8746 elementor-widget elementor-widget-image\" data-id=\"23f8746\" data-element_type=\"widget\" data-widget_type=\"image.default\">\n\t\t\t\t<div class=\"elementor-widget-container\">\n\t\t\t\t\t\t\t\t\t\t\t\t\t\t\t<img fetchpriority=\"high\" decoding=\"async\" width=\"742\" height=\"1024\" src=\"https:\/\/immigrant-entrepreneur.ca\/wp-content\/uploads\/2020\/05\/Oscar-Rodriguez-742x1024.jpg\" class=\"attachment-large size-large wp-image-764\" alt=\"\" srcset=\"https:\/\/immigrant-entrepreneur.ca\/wp-content\/uploads\/2020\/05\/Oscar-Rodriguez-742x1024.jpg 742w, https:\/\/immigrant-entrepreneur.ca\/wp-content\/uploads\/2020\/05\/Oscar-Rodriguez-217x300.jpg 217w, https:\/\/immigrant-entrepreneur.ca\/wp-content\/uploads\/2020\/05\/Oscar-Rodriguez-768x1059.jpg 768w, https:\/\/immigrant-entrepreneur.ca\/wp-content\/uploads\/2020\/05\/Oscar-Rodriguez-1113x1536.jpg 1113w, https:\/\/immigrant-entrepreneur.ca\/wp-content\/uploads\/2020\/05\/Oscar-Rodriguez-1485x2048.jpg 1485w, https:\/\/immigrant-entrepreneur.ca\/wp-content\/uploads\/2020\/05\/Oscar-Rodriguez-scaled.jpg 1856w\" sizes=\"(max-width: 742px) 100vw, 742px\" \/>\t\t\t\t\t\t\t\t\t\t\t\t\t\t\t<\/div>\n\t\t\t\t<\/div>\n\t\t\t\t<div class=\"elementor-element elementor-element-7d820e0 elementor-widget elementor-widget-wp-widget-recent-posts\" data-id=\"7d820e0\" data-element_type=\"widget\" data-widget_type=\"wp-widget-recent-posts.default\">\n\t\t\t\t<div class=\"elementor-widget-container\">\n\t\t\t\t\t\n\t\t\n\t\t<h5>Derniers articles<\/h5>\n\t\t<ul>\n\t\t\t\t\t\t\t\t\t\t\t<li>\n\t\t\t\t\t<a href=\"https:\/\/immigrant-entrepreneur.ca\/?p=610&#038;lang=en\">Top 7 Immigration Mistakes to be Avoided<\/a>\n\t\t\t\t\t\t\t\t\t<\/li>\n\t\t\t\t\t\t\t\t\t\t\t<li>\n\t\t\t\t\t<a href=\"https:\/\/immigrant-entrepreneur.ca\/?p=538\">Les 7 erreurs \u00e0 ne pas commettre au cours de son immigration au Canada<\/a>\n\t\t\t\t\t\t\t\t\t<\/li>\n\t\t\t\t\t<\/ul>\n\n\t\t\t\t\t\t<\/div>\n\t\t\t\t<\/div>\n\t\t\t\t<div class=\"elementor-element elementor-element-a11693f elementor-widget elementor-widget-wp-widget-categories\" data-id=\"a11693f\" data-element_type=\"widget\" data-widget_type=\"wp-widget-categories.default\">\n\t\t\t\t<div class=\"elementor-widget-container\">\n\t\t\t\t\t<h5>Categories<\/h5><form action=\"https:\/\/immigrant-entrepreneur.ca\" method=\"get\"><label class=\"screen-reader-text\" for=\"cat\">Categories<\/label><select  name='cat' id='cat' class='postform'>\n\t<option value='-1'>Select Category<\/option>\n\t<option class=\"level-0\" value=\"2\">Immigration<\/option>\n\t<option class=\"level-0\" value=\"23\">Immigration<\/option>\n<\/select>\n<\/form><script type=\"text\/javascript\">\n\/* <![CDATA[ *\/\n\n(function() {\n\tvar dropdown = document.getElementById( \"cat\" );\n\tfunction onCatChange() {\n\t\tif ( dropdown.options[ dropdown.selectedIndex ].value > 0 ) {\n\t\t\tdropdown.parentNode.submit();\n\t\t}\n\t}\n\tdropdown.onchange = onCatChange;\n})();\n\n\/* ]]> *\/\n<\/script>\n\t\t\t\t<\/div>\n\t\t\t\t<\/div>\n\t\t\t\t<div class=\"elementor-element elementor-element-31ec23d elementor-widget elementor-widget-wp-widget-tag_cloud\" data-id=\"31ec23d\" data-element_type=\"widget\" data-widget_type=\"wp-widget-tag_cloud.default\">\n\t\t\t\t<div class=\"elementor-widget-container\">\n\t\t\t\t\t<h5>\u00c9tiquettes<\/h5><div class=\"tagcloud\"><a href=\"https:\/\/immigrant-entrepreneur.ca\/?tag=erreurs\" class=\"tag-cloud-link tag-link-3 tag-link-position-1\" style=\"font-size: 8pt;\" aria-label=\"erreurs (1 item)\">erreurs<\/a>\n<a href=\"https:\/\/immigrant-entrepreneur.ca\/?tag=mistakes&#038;lang=en\" class=\"tag-cloud-link tag-link-25 tag-link-position-2\" style=\"font-size: 8pt;\" aria-label=\"mistakes (1 item)\">mistakes<\/a>\n<a href=\"https:\/\/immigrant-entrepreneur.ca\/?tag=planification\" class=\"tag-cloud-link tag-link-4 tag-link-position-3\" style=\"font-size: 8pt;\" aria-label=\"planification (1 item)\">planification<\/a>\n<a href=\"https:\/\/immigrant-entrepreneur.ca\/?tag=planning&#038;lang=en\" class=\"tag-cloud-link tag-link-27 tag-link-position-4\" style=\"font-size: 8pt;\" aria-label=\"planning (1 item)\">planning<\/a><\/div>\n\t\t\t\t<\/div>\n\t\t\t\t<\/div>\n\t\t\t\t<div class=\"elementor-element elementor-element-5e517f9 elementor-widget elementor-widget-wp-widget-search\" data-id=\"5e517f9\" data-element_type=\"widget\" data-widget_type=\"wp-widget-search.default\">\n\t\t\t\t<div class=\"elementor-widget-container\">\n\t\t\t\t\t<form role=\"search\" class=\"search-form\" action=\"https:\/\/immigrant-entrepreneur.ca\/\">\r\n <div>\r\n  <label class=\"sr-only\">Search for:<\/label>\r\n   <input type=\"text\" name=\"s\" value=\"\" placeholder=\"Search&hellip;\">\r\n   <input type=\"submit\" value=\"\">\r\n  <\/div>\r\n <\/form>\t\t\t\t<\/div>\n\t\t\t\t<\/div>\n\t\t\t\t\t<\/div>\n\t\t<\/div>\n\t\t\t\t\t<\/div>\n\t\t<\/section>\n\t\t\t\t<\/div>\n\t\t","protected":false},"excerpt":{"rendered":"<p>ME OSCAR RODRIGUEZ-PACANINS Fondateur et partenaire de gestion du bureau de Montr\u00e9al, il est charg\u00e9 du p\u00f4le affaires et du bureau latino-am\u00e9ricain chez WMR. Ses domaines de pratique principaux sont l\u2019immigration \u00e9conomique et d\u2019affaires, le droit corporatif, les contrats et obligations, ainsi que les litiges civils et commerciaux. Dans sa pratique quotidienne, il assiste et [&hellip;]<\/p>\n","protected":false},"author":2,"featured_media":0,"parent":0,"menu_order":0,"comment_status":"closed","ping_status":"closed","template":"","meta":{"footnotes":""},"class_list":["post-719","page","type-page","status-publish","hentry"],"yoast_head":"<!-- This site is optimized with the Yoast SEO plugin v25.8 - https:\/\/yoast.com\/wordpress\/plugins\/seo\/ -->\n<title>Me Oscar Rodriguez-Pacanins - Immigrant Entrepreneur<\/title>\n<meta name=\"robots\" content=\"index, follow, max-snippet:-1, max-image-preview:large, max-video-preview:-1\" \/>\n<link rel=\"canonical\" href=\"https:\/\/immigrant-entrepreneur.ca\/?page_id=719\" \/>\n<meta property=\"og:locale\" content=\"en_US\" \/>\n<meta property=\"og:type\" content=\"article\" \/>\n<meta property=\"og:title\" content=\"Me Oscar Rodriguez-Pacanins - Immigrant Entrepreneur\" \/>\n<meta property=\"og:description\" content=\"ME OSCAR RODRIGUEZ-PACANINS Fondateur et partenaire de gestion du bureau de Montr\u00e9al, il est charg\u00e9 du p\u00f4le affaires et du bureau latino-am\u00e9ricain chez WMR. Ses domaines de pratique principaux sont l\u2019immigration \u00e9conomique et d\u2019affaires, le droit corporatif, les contrats et obligations, ainsi que les litiges civils et commerciaux. Dans sa pratique quotidienne, il assiste et [&hellip;]\" \/>\n<meta property=\"og:url\" content=\"https:\/\/immigrant-entrepreneur.ca\/?page_id=719\" \/>\n<meta property=\"og:site_name\" content=\"Immigrant Entrepreneur\" \/>\n<meta property=\"article:modified_time\" content=\"2025-09-16T19:32:30+00:00\" \/>\n<meta property=\"og:image\" content=\"https:\/\/immigrant-entrepreneur.ca\/wp-content\/uploads\/2020\/05\/Oscar-Rodriguez-742x1024.jpg\" \/>\n<meta name=\"twitter:card\" content=\"summary_large_image\" \/>\n<meta name=\"twitter:label1\" content=\"Est. reading time\" \/>\n\t<meta name=\"twitter:data1\" content=\"2 minutes\" \/>\n<script type=\"application\/ld+json\" class=\"yoast-schema-graph\">{\"@context\":\"https:\/\/schema.org\",\"@graph\":[{\"@type\":\"WebPage\",\"@id\":\"https:\/\/immigrant-entrepreneur.ca\/?page_id=719\",\"url\":\"https:\/\/immigrant-entrepreneur.ca\/?page_id=719\",\"name\":\"Me Oscar Rodriguez-Pacanins - Immigrant Entrepreneur\",\"isPartOf\":{\"@id\":\"https:\/\/immigrant-entrepreneur.ca\/#website\"},\"primaryImageOfPage\":{\"@id\":\"https:\/\/immigrant-entrepreneur.ca\/?page_id=719#primaryimage\"},\"image\":{\"@id\":\"https:\/\/immigrant-entrepreneur.ca\/?page_id=719#primaryimage\"},\"thumbnailUrl\":\"https:\/\/immigrant-entrepreneur.ca\/wp-content\/uploads\/2020\/05\/Oscar-Rodriguez-742x1024.jpg\",\"datePublished\":\"2020-05-20T19:19:55+00:00\",\"dateModified\":\"2025-09-16T19:32:30+00:00\",\"breadcrumb\":{\"@id\":\"https:\/\/immigrant-entrepreneur.ca\/?page_id=719#breadcrumb\"},\"inLanguage\":\"en-US\",\"potentialAction\":[{\"@type\":\"ReadAction\",\"target\":[\"https:\/\/immigrant-entrepreneur.ca\/?page_id=719\"]}]},{\"@type\":\"ImageObject\",\"inLanguage\":\"en-US\",\"@id\":\"https:\/\/immigrant-entrepreneur.ca\/?page_id=719#primaryimage\",\"url\":\"https:\/\/immigrant-entrepreneur.ca\/wp-content\/uploads\/2020\/05\/Oscar-Rodriguez-scaled.jpg\",\"contentUrl\":\"https:\/\/immigrant-entrepreneur.ca\/wp-content\/uploads\/2020\/05\/Oscar-Rodriguez-scaled.jpg\",\"width\":1856,\"height\":2560},{\"@type\":\"BreadcrumbList\",\"@id\":\"https:\/\/immigrant-entrepreneur.ca\/?page_id=719#breadcrumb\",\"itemListElement\":[{\"@type\":\"ListItem\",\"position\":1,\"name\":\"Home\",\"item\":\"https:\/\/immigrant-entrepreneur.ca\/\"},{\"@type\":\"ListItem\",\"position\":2,\"name\":\"Me Oscar Rodriguez-Pacanins\"}]},{\"@type\":\"WebSite\",\"@id\":\"https:\/\/immigrant-entrepreneur.ca\/#website\",\"url\":\"https:\/\/immigrant-entrepreneur.ca\/\",\"name\":\"Immigrant Entrepreneur\",\"description\":\"\",\"potentialAction\":[{\"@type\":\"SearchAction\",\"target\":{\"@type\":\"EntryPoint\",\"urlTemplate\":\"https:\/\/immigrant-entrepreneur.ca\/?s={search_term_string}\"},\"query-input\":{\"@type\":\"PropertyValueSpecification\",\"valueRequired\":true,\"valueName\":\"search_term_string\"}}],\"inLanguage\":\"en-US\"}]}<\/script>\n<!-- \/ Yoast SEO plugin. -->","yoast_head_json":{"title":"Me Oscar Rodriguez-Pacanins - Immigrant Entrepreneur","robots":{"index":"index","follow":"follow","max-snippet":"max-snippet:-1","max-image-preview":"max-image-preview:large","max-video-preview":"max-video-preview:-1"},"canonical":"https:\/\/immigrant-entrepreneur.ca\/?page_id=719","og_locale":"en_US","og_type":"article","og_title":"Me Oscar Rodriguez-Pacanins - Immigrant Entrepreneur","og_description":"ME OSCAR RODRIGUEZ-PACANINS Fondateur et partenaire de gestion du bureau de Montr\u00e9al, il est charg\u00e9 du p\u00f4le affaires et du bureau latino-am\u00e9ricain chez WMR. Ses domaines de pratique principaux sont l\u2019immigration \u00e9conomique et d\u2019affaires, le droit corporatif, les contrats et obligations, ainsi que les litiges civils et commerciaux. Dans sa pratique quotidienne, il assiste et [&hellip;]","og_url":"https:\/\/immigrant-entrepreneur.ca\/?page_id=719","og_site_name":"Immigrant Entrepreneur","article_modified_time":"2025-09-16T19:32:30+00:00","og_image":[{"url":"https:\/\/immigrant-entrepreneur.ca\/wp-content\/uploads\/2020\/05\/Oscar-Rodriguez-742x1024.jpg","type":"","width":"","height":""}],"twitter_card":"summary_large_image","twitter_misc":{"Est. reading time":"2 minutes"},"schema":{"@context":"https:\/\/schema.org","@graph":[{"@type":"WebPage","@id":"https:\/\/immigrant-entrepreneur.ca\/?page_id=719","url":"https:\/\/immigrant-entrepreneur.ca\/?page_id=719","name":"Me Oscar Rodriguez-Pacanins - Immigrant Entrepreneur","isPartOf":{"@id":"https:\/\/immigrant-entrepreneur.ca\/#website"},"primaryImageOfPage":{"@id":"https:\/\/immigrant-entrepreneur.ca\/?page_id=719#primaryimage"},"image":{"@id":"https:\/\/immigrant-entrepreneur.ca\/?page_id=719#primaryimage"},"thumbnailUrl":"https:\/\/immigrant-entrepreneur.ca\/wp-content\/uploads\/2020\/05\/Oscar-Rodriguez-742x1024.jpg","datePublished":"2020-05-20T19:19:55+00:00","dateModified":"2025-09-16T19:32:30+00:00","breadcrumb":{"@id":"https:\/\/immigrant-entrepreneur.ca\/?page_id=719#breadcrumb"},"inLanguage":"en-US","potentialAction":[{"@type":"ReadAction","target":["https:\/\/immigrant-entrepreneur.ca\/?page_id=719"]}]},{"@type":"ImageObject","inLanguage":"en-US","@id":"https:\/\/immigrant-entrepreneur.ca\/?page_id=719#primaryimage","url":"https:\/\/immigrant-entrepreneur.ca\/wp-content\/uploads\/2020\/05\/Oscar-Rodriguez-scaled.jpg","contentUrl":"https:\/\/immigrant-entrepreneur.ca\/wp-content\/uploads\/2020\/05\/Oscar-Rodriguez-scaled.jpg","width":1856,"height":2560},{"@type":"BreadcrumbList","@id":"https:\/\/immigrant-entrepreneur.ca\/?page_id=719#breadcrumb","itemListElement":[{"@type":"ListItem","position":1,"name":"Home","item":"https:\/\/immigrant-entrepreneur.ca\/"},{"@type":"ListItem","position":2,"name":"Me Oscar Rodriguez-Pacanins"}]},{"@type":"WebSite","@id":"https:\/\/immigrant-entrepreneur.ca\/#website","url":"https:\/\/immigrant-entrepreneur.ca\/","name":"Immigrant Entrepreneur","description":"","potentialAction":[{"@type":"SearchAction","target":{"@type":"EntryPoint","urlTemplate":"https:\/\/immigrant-entrepreneur.ca\/?s={search_term_string}"},"query-input":{"@type":"PropertyValueSpecification","valueRequired":true,"valueName":"search_term_string"}}],"inLanguage":"en-US"}]}},"_links":{"self":[{"href":"https:\/\/immigrant-entrepreneur.ca\/index.php?rest_route=\/wp\/v2\/pages\/719","targetHints":{"allow":["GET"]}}],"collection":[{"href":"https:\/\/immigrant-entrepreneur.ca\/index.php?rest_route=\/wp\/v2\/pages"}],"about":[{"href":"https:\/\/immigrant-entrepreneur.ca\/index.php?rest_route=\/wp\/v2\/types\/page"}],"author":[{"embeddable":true,"href":"https:\/\/immigrant-entrepreneur.ca\/index.php?rest_route=\/wp\/v2\/users\/2"}],"replies":[{"embeddable":true,"href":"https:\/\/immigrant-entrepreneur.ca\/index.php?rest_route=%2Fwp%2Fv2%2Fcomments&post=719"}],"version-history":[{"count":12,"href":"https:\/\/immigrant-entrepreneur.ca\/index.php?rest_route=\/wp\/v2\/pages\/719\/revisions"}],"predecessor-version":[{"id":1172,"href":"https:\/\/immigrant-entrepreneur.ca\/index.php?rest_route=\/wp\/v2\/pages\/719\/revisions\/1172"}],"wp:attachment":[{"href":"https:\/\/immigrant-entrepreneur.ca\/index.php?rest_route=%2Fwp%2Fv2%2Fmedia&parent=719"}],"curies":[{"name":"wp","href":"https:\/\/api.w.org\/{rel}","templated":true}]}}