{"id":717,"date":"2020-05-20T15:16:23","date_gmt":"2020-05-20T19:16:23","guid":{"rendered":"https:\/\/immigrant-entrepreneur.ca\/?page_id=717"},"modified":"2025-09-16T15:19:03","modified_gmt":"2025-09-16T19:19:03","slug":"ce-blog","status":"publish","type":"page","link":"https:\/\/immigrant-entrepreneur.ca\/?page_id=717","title":{"rendered":"CE BLOG"},"content":{"rendered":"\t\t<div data-elementor-type=\"wp-page\" data-elementor-id=\"717\" class=\"elementor elementor-717\">\n\t\t\t\t\t\t<section class=\"elementor-section elementor-top-section elementor-element elementor-element-ca35555 elementor-section-boxed elementor-section-height-default elementor-section-height-default\" data-id=\"ca35555\" data-element_type=\"section\">\n\t\t\t\t\t\t<div class=\"elementor-container elementor-column-gap-default\">\n\t\t\t\t\t<div class=\"elementor-column elementor-col-50 elementor-top-column elementor-element elementor-element-bda2076\" data-id=\"bda2076\" data-element_type=\"column\">\n\t\t\t<div class=\"elementor-widget-wrap elementor-element-populated\">\n\t\t\t\t\t\t<div class=\"elementor-element elementor-element-0b0f549 elementor-widget elementor-widget-text-editor\" data-id=\"0b0f549\" data-element_type=\"widget\" data-widget_type=\"text-editor.default\">\n\t\t\t\t<div class=\"elementor-widget-container\">\n\t\t\t\t\t\t\t\t\t<h4><b>CE BLOGUE<\/b><\/h4><p><strong>Le mot juste<\/strong> est un blogue bilingue (fran\u00e7ais\/anglais) con\u00e7u pour offrir une lecture claire, accessible et pertinente du droit tel qu\u2019il s\u2019applique dans la vie r\u00e9elle. Il s\u2019adresse \u00e0 toutes les personnes vivant au Qu\u00e9bec et au Canada, qu\u2019elles soient nouvellement arriv\u00e9es ou \u00e9tablies depuis toujours.<\/p><p>Issu d\u2019un premier projet centr\u00e9 sur l\u2019immigration \u00e9conomique et le droit des affaires, ce blogue \u00e9volue pour mieux refl\u00e9ter la diversit\u00e9 des enjeux juridiques auxquels font face les individus et les entreprises aujourd\u2019hui. Il couvre d\u00e9sormais des domaines tels que le droit du travail, le droit familial, le litige civil et commercial, tout en conservant une expertise solide en mati\u00e8re d\u2019immigration et d\u2019entrepreneuriat.<\/p><p>Notre ambition est simple : <strong>rendre le droit compr\u00e9hensible et utile<\/strong>. Trop souvent per\u00e7u comme complexe ou inaccessible, le droit est pourtant au c\u0153ur de d\u00e9cisions importantes : lancer une entreprise, embaucher ou \u00eatre embauch\u00e9, se s\u00e9parer, prot\u00e9ger ses enfants, r\u00e9soudre un diff\u00e9rend\u2026 Dans toutes ces situations, avoir acc\u00e8s \u00e0 une information juridique fiable et bien formul\u00e9e peut faire toute la diff\u00e9rence.<\/p><p>\u00c0 travers des articles r\u00e9dig\u00e9s par des professionnels du droit, <em>Le mot juste<\/em> vise \u00e0 favoriser une meilleure compr\u00e9hension des droits et obligations de chacun, \u00e0 encourager l\u2019autonomie juridique et \u00e0 contribuer \u00e0 un meilleur acc\u00e8s \u00e0 la justice.<\/p><p><strong>Des mots clairs pour un droit vivant.<\/strong><br \/>Bienvenue sur <em>Le mot juste<\/em>.<\/p><p>&#8212; Option B&#8212;<\/p><h4><b>CE BLOGUE<\/b><\/h4><p><strong>Le mot juste<\/strong> est un blogue juridique bilingue (fran\u00e7ais\/anglais) qui vise \u00e0 rendre le droit plus compr\u00e9hensible, plus accessible et plus proche des r\u00e9alit\u00e9s v\u00e9cues par les personnes et les entreprises au Qu\u00e9bec et au Canada.<\/p><p>Dans un monde o\u00f9 les enjeux juridiques sont omnipr\u00e9sents, il est essentiel de pouvoir s\u2019informer clairement sur ses droits et obligations. Que vous soyez employeur ou salari\u00e9, entrepreneur ou travailleur autonome, parent, conjoint ou citoyen engag\u00e9, vous \u00eates confront\u00e9 \u00e0 des situations o\u00f9 le droit intervient : embauche, s\u00e9paration, garde d\u2019enfants, litige commercial, cr\u00e9ation d\u2019entreprise, immigration, etc.<\/p><p>\u00c0 travers des articles r\u00e9dig\u00e9s par des professionnels du droit, <em>Le mot juste<\/em> propose des contenus clairs, pratiques et rigoureux dans des domaines vari\u00e9s tels que :<\/p><ul><li>Le droit du travail<\/li><li>Le droit de la famille<\/li><li>Le droit des affaires<\/li><li>L\u2019immigration<\/li><li>Le litige civil et commercial<\/li><\/ul><p>Notre approche repose sur une conviction forte : <strong>le droit ne doit pas \u00eatre r\u00e9serv\u00e9 aux initi\u00e9s<\/strong>. Il doit \u00eatre expliqu\u00e9 avec des mots justes, pour permettre \u00e0 chacun de mieux comprendre, mieux d\u00e9cider et mieux agir.<\/p><p><strong>Des mots clairs pour un droit vivant.<\/strong><br \/>Bienvenue sur <em>Le mot juste<\/em>.<\/p><p>\u00a0<\/p>\t\t\t\t\t\t\t\t<\/div>\n\t\t\t\t<\/div>\n\t\t\t\t\t<\/div>\n\t\t<\/div>\n\t\t\t\t<div class=\"elementor-column elementor-col-50 elementor-top-column elementor-element elementor-element-fa35991\" data-id=\"fa35991\" data-element_type=\"column\">\n\t\t\t<div class=\"elementor-widget-wrap elementor-element-populated\">\n\t\t\t\t\t\t<div class=\"elementor-element elementor-element-3ff35a0 elementor-widget elementor-widget-image\" data-id=\"3ff35a0\" data-element_type=\"widget\" data-widget_type=\"image.default\">\n\t\t\t\t<div class=\"elementor-widget-container\">\n\t\t\t\t\t\t\t\t\t\t\t\t\t\t\t<img fetchpriority=\"high\" decoding=\"async\" width=\"850\" height=\"638\" src=\"https:\/\/immigrant-entrepreneur.ca\/wp-content\/uploads\/2020\/05\/canada-1334165_1920-1024x768.jpg\" class=\"attachment-large size-large wp-image-759\" alt=\"\" srcset=\"https:\/\/immigrant-entrepreneur.ca\/wp-content\/uploads\/2020\/05\/canada-1334165_1920-1024x768.jpg 1024w, https:\/\/immigrant-entrepreneur.ca\/wp-content\/uploads\/2020\/05\/canada-1334165_1920-300x225.jpg 300w, https:\/\/immigrant-entrepreneur.ca\/wp-content\/uploads\/2020\/05\/canada-1334165_1920-768x576.jpg 768w, https:\/\/immigrant-entrepreneur.ca\/wp-content\/uploads\/2020\/05\/canada-1334165_1920-1536x1152.jpg 1536w, https:\/\/immigrant-entrepreneur.ca\/wp-content\/uploads\/2020\/05\/canada-1334165_1920-960x720.jpg 960w, https:\/\/immigrant-entrepreneur.ca\/wp-content\/uploads\/2020\/05\/canada-1334165_1920-480x360.jpg 480w, https:\/\/immigrant-entrepreneur.ca\/wp-content\/uploads\/2020\/05\/canada-1334165_1920.jpg 1920w\" sizes=\"(max-width: 850px) 100vw, 850px\" \/>\t\t\t\t\t\t\t\t\t\t\t\t\t\t\t<\/div>\n\t\t\t\t<\/div>\n\t\t\t\t<div class=\"elementor-element elementor-element-6161c12 elementor-widget elementor-widget-wp-widget-recent-posts\" data-id=\"6161c12\" data-element_type=\"widget\" data-widget_type=\"wp-widget-recent-posts.default\">\n\t\t\t\t<div class=\"elementor-widget-container\">\n\t\t\t\t\t\n\t\t\n\t\t<h5>Derniers articles<\/h5>\n\t\t<ul>\n\t\t\t\t\t\t\t\t\t\t\t<li>\n\t\t\t\t\t<a href=\"https:\/\/immigrant-entrepreneur.ca\/?p=610&#038;lang=en\">Top 7 Immigration Mistakes to be Avoided<\/a>\n\t\t\t\t\t\t\t\t\t<\/li>\n\t\t\t\t\t\t\t\t\t\t\t<li>\n\t\t\t\t\t<a href=\"https:\/\/immigrant-entrepreneur.ca\/?p=538\">Les 7 erreurs \u00e0 ne pas commettre au cours de son immigration au Canada<\/a>\n\t\t\t\t\t\t\t\t\t<\/li>\n\t\t\t\t\t<\/ul>\n\n\t\t\t\t\t\t<\/div>\n\t\t\t\t<\/div>\n\t\t\t\t<div class=\"elementor-element elementor-element-70a4e03 elementor-widget elementor-widget-wp-widget-categories\" data-id=\"70a4e03\" data-element_type=\"widget\" data-widget_type=\"wp-widget-categories.default\">\n\t\t\t\t<div class=\"elementor-widget-container\">\n\t\t\t\t\t<h5>Categories<\/h5><form action=\"https:\/\/immigrant-entrepreneur.ca\" method=\"get\"><label class=\"screen-reader-text\" for=\"cat\">Categories<\/label><select  name='cat' id='cat' class='postform'>\n\t<option value='-1'>Select Category<\/option>\n\t<option class=\"level-0\" value=\"2\">Immigration<\/option>\n\t<option class=\"level-0\" value=\"23\">Immigration<\/option>\n<\/select>\n<\/form><script type=\"text\/javascript\">\n\/* <![CDATA[ *\/\n\n(function() {\n\tvar dropdown = document.getElementById( \"cat\" );\n\tfunction onCatChange() {\n\t\tif ( dropdown.options[ dropdown.selectedIndex ].value > 0 ) {\n\t\t\tdropdown.parentNode.submit();\n\t\t}\n\t}\n\tdropdown.onchange = onCatChange;\n})();\n\n\/* ]]> *\/\n<\/script>\n\t\t\t\t<\/div>\n\t\t\t\t<\/div>\n\t\t\t\t<div class=\"elementor-element elementor-element-4040fa0 elementor-widget elementor-widget-wp-widget-tag_cloud\" data-id=\"4040fa0\" data-element_type=\"widget\" data-widget_type=\"wp-widget-tag_cloud.default\">\n\t\t\t\t<div class=\"elementor-widget-container\">\n\t\t\t\t\t<h5>\u00c9tiquettes<\/h5><div class=\"tagcloud\"><a href=\"https:\/\/immigrant-entrepreneur.ca\/?tag=erreurs\" class=\"tag-cloud-link tag-link-3 tag-link-position-1\" style=\"font-size: 8pt;\" aria-label=\"erreurs (1 item)\">erreurs<\/a>\n<a href=\"https:\/\/immigrant-entrepreneur.ca\/?tag=mistakes&#038;lang=en\" class=\"tag-cloud-link tag-link-25 tag-link-position-2\" style=\"font-size: 8pt;\" aria-label=\"mistakes (1 item)\">mistakes<\/a>\n<a href=\"https:\/\/immigrant-entrepreneur.ca\/?tag=planification\" class=\"tag-cloud-link tag-link-4 tag-link-position-3\" style=\"font-size: 8pt;\" aria-label=\"planification (1 item)\">planification<\/a>\n<a href=\"https:\/\/immigrant-entrepreneur.ca\/?tag=planning&#038;lang=en\" class=\"tag-cloud-link tag-link-27 tag-link-position-4\" style=\"font-size: 8pt;\" aria-label=\"planning (1 item)\">planning<\/a><\/div>\n\t\t\t\t<\/div>\n\t\t\t\t<\/div>\n\t\t\t\t<div class=\"elementor-element elementor-element-c0cef8f elementor-widget elementor-widget-wp-widget-search\" data-id=\"c0cef8f\" data-element_type=\"widget\" data-widget_type=\"wp-widget-search.default\">\n\t\t\t\t<div class=\"elementor-widget-container\">\n\t\t\t\t\t<form role=\"search\" class=\"search-form\" action=\"https:\/\/immigrant-entrepreneur.ca\/\">\r\n <div>\r\n  <label class=\"sr-only\">Search for:<\/label>\r\n   <input type=\"text\" name=\"s\" value=\"\" placeholder=\"Search&hellip;\">\r\n   <input type=\"submit\" value=\"\">\r\n  <\/div>\r\n <\/form>\t\t\t\t<\/div>\n\t\t\t\t<\/div>\n\t\t\t\t\t<\/div>\n\t\t<\/div>\n\t\t\t\t\t<\/div>\n\t\t<\/section>\n\t\t\t\t<\/div>\n\t\t","protected":false},"excerpt":{"rendered":"<p>CE BLOGUE Le mot juste est un blogue bilingue (fran\u00e7ais\/anglais) con\u00e7u pour offrir une lecture claire, accessible et pertinente du droit tel qu\u2019il s\u2019applique dans la vie r\u00e9elle. Il s\u2019adresse \u00e0 toutes les personnes vivant au Qu\u00e9bec et au Canada, qu\u2019elles soient nouvellement arriv\u00e9es ou \u00e9tablies depuis toujours. Issu d\u2019un premier projet centr\u00e9 sur l\u2019immigration [&hellip;]<\/p>\n","protected":false},"author":2,"featured_media":0,"parent":0,"menu_order":0,"comment_status":"closed","ping_status":"closed","template":"","meta":{"footnotes":""},"class_list":["post-717","page","type-page","status-publish","hentry"],"yoast_head":"<!-- This site is optimized with the Yoast SEO plugin v25.8 - https:\/\/yoast.com\/wordpress\/plugins\/seo\/ -->\n<title>CE BLOG - Immigrant Entrepreneur<\/title>\n<meta name=\"robots\" content=\"index, follow, max-snippet:-1, max-image-preview:large, max-video-preview:-1\" \/>\n<link rel=\"canonical\" href=\"https:\/\/immigrant-entrepreneur.ca\/?page_id=717\" \/>\n<meta property=\"og:locale\" content=\"en_US\" \/>\n<meta property=\"og:type\" content=\"article\" \/>\n<meta property=\"og:title\" content=\"CE BLOG - Immigrant Entrepreneur\" \/>\n<meta property=\"og:description\" content=\"CE BLOGUE Le mot juste est un blogue bilingue (fran\u00e7ais\/anglais) con\u00e7u pour offrir une lecture claire, accessible et pertinente du droit tel qu\u2019il s\u2019applique dans la vie r\u00e9elle. Il s\u2019adresse \u00e0 toutes les personnes vivant au Qu\u00e9bec et au Canada, qu\u2019elles soient nouvellement arriv\u00e9es ou \u00e9tablies depuis toujours. Issu d\u2019un premier projet centr\u00e9 sur l\u2019immigration [&hellip;]\" \/>\n<meta property=\"og:url\" content=\"https:\/\/immigrant-entrepreneur.ca\/?page_id=717\" \/>\n<meta property=\"og:site_name\" content=\"Immigrant Entrepreneur\" \/>\n<meta property=\"article:modified_time\" content=\"2025-09-16T19:19:03+00:00\" \/>\n<meta property=\"og:image\" content=\"https:\/\/immigrant-entrepreneur.ca\/wp-content\/uploads\/2020\/05\/canada-1334165_1920.jpg\" \/>\n\t<meta property=\"og:image:width\" content=\"1920\" \/>\n\t<meta property=\"og:image:height\" content=\"1440\" \/>\n\t<meta property=\"og:image:type\" content=\"image\/jpeg\" \/>\n<meta name=\"twitter:card\" content=\"summary_large_image\" \/>\n<meta name=\"twitter:label1\" content=\"Est. reading time\" \/>\n\t<meta name=\"twitter:data1\" content=\"3 minutes\" \/>\n<script type=\"application\/ld+json\" class=\"yoast-schema-graph\">{\"@context\":\"https:\/\/schema.org\",\"@graph\":[{\"@type\":\"WebPage\",\"@id\":\"https:\/\/immigrant-entrepreneur.ca\/?page_id=717\",\"url\":\"https:\/\/immigrant-entrepreneur.ca\/?page_id=717\",\"name\":\"CE BLOG - Immigrant Entrepreneur\",\"isPartOf\":{\"@id\":\"https:\/\/immigrant-entrepreneur.ca\/#website\"},\"primaryImageOfPage\":{\"@id\":\"https:\/\/immigrant-entrepreneur.ca\/?page_id=717#primaryimage\"},\"image\":{\"@id\":\"https:\/\/immigrant-entrepreneur.ca\/?page_id=717#primaryimage\"},\"thumbnailUrl\":\"https:\/\/immigrant-entrepreneur.ca\/wp-content\/uploads\/2020\/05\/canada-1334165_1920-1024x768.jpg\",\"datePublished\":\"2020-05-20T19:16:23+00:00\",\"dateModified\":\"2025-09-16T19:19:03+00:00\",\"breadcrumb\":{\"@id\":\"https:\/\/immigrant-entrepreneur.ca\/?page_id=717#breadcrumb\"},\"inLanguage\":\"en-US\",\"potentialAction\":[{\"@type\":\"ReadAction\",\"target\":[\"https:\/\/immigrant-entrepreneur.ca\/?page_id=717\"]}]},{\"@type\":\"ImageObject\",\"inLanguage\":\"en-US\",\"@id\":\"https:\/\/immigrant-entrepreneur.ca\/?page_id=717#primaryimage\",\"url\":\"https:\/\/immigrant-entrepreneur.ca\/wp-content\/uploads\/2020\/05\/canada-1334165_1920.jpg\",\"contentUrl\":\"https:\/\/immigrant-entrepreneur.ca\/wp-content\/uploads\/2020\/05\/canada-1334165_1920.jpg\",\"width\":1920,\"height\":1440},{\"@type\":\"BreadcrumbList\",\"@id\":\"https:\/\/immigrant-entrepreneur.ca\/?page_id=717#breadcrumb\",\"itemListElement\":[{\"@type\":\"ListItem\",\"position\":1,\"name\":\"Home\",\"item\":\"https:\/\/immigrant-entrepreneur.ca\/\"},{\"@type\":\"ListItem\",\"position\":2,\"name\":\"CE BLOG\"}]},{\"@type\":\"WebSite\",\"@id\":\"https:\/\/immigrant-entrepreneur.ca\/#website\",\"url\":\"https:\/\/immigrant-entrepreneur.ca\/\",\"name\":\"Immigrant Entrepreneur\",\"description\":\"\",\"potentialAction\":[{\"@type\":\"SearchAction\",\"target\":{\"@type\":\"EntryPoint\",\"urlTemplate\":\"https:\/\/immigrant-entrepreneur.ca\/?s={search_term_string}\"},\"query-input\":{\"@type\":\"PropertyValueSpecification\",\"valueRequired\":true,\"valueName\":\"search_term_string\"}}],\"inLanguage\":\"en-US\"}]}<\/script>\n<!-- \/ Yoast SEO plugin. -->","yoast_head_json":{"title":"CE BLOG - Immigrant Entrepreneur","robots":{"index":"index","follow":"follow","max-snippet":"max-snippet:-1","max-image-preview":"max-image-preview:large","max-video-preview":"max-video-preview:-1"},"canonical":"https:\/\/immigrant-entrepreneur.ca\/?page_id=717","og_locale":"en_US","og_type":"article","og_title":"CE BLOG - Immigrant Entrepreneur","og_description":"CE BLOGUE Le mot juste est un blogue bilingue (fran\u00e7ais\/anglais) con\u00e7u pour offrir une lecture claire, accessible et pertinente du droit tel qu\u2019il s\u2019applique dans la vie r\u00e9elle. Il s\u2019adresse \u00e0 toutes les personnes vivant au Qu\u00e9bec et au Canada, qu\u2019elles soient nouvellement arriv\u00e9es ou \u00e9tablies depuis toujours. Issu d\u2019un premier projet centr\u00e9 sur l\u2019immigration [&hellip;]","og_url":"https:\/\/immigrant-entrepreneur.ca\/?page_id=717","og_site_name":"Immigrant Entrepreneur","article_modified_time":"2025-09-16T19:19:03+00:00","og_image":[{"width":1920,"height":1440,"url":"https:\/\/immigrant-entrepreneur.ca\/wp-content\/uploads\/2020\/05\/canada-1334165_1920.jpg","type":"image\/jpeg"}],"twitter_card":"summary_large_image","twitter_misc":{"Est. reading time":"3 minutes"},"schema":{"@context":"https:\/\/schema.org","@graph":[{"@type":"WebPage","@id":"https:\/\/immigrant-entrepreneur.ca\/?page_id=717","url":"https:\/\/immigrant-entrepreneur.ca\/?page_id=717","name":"CE BLOG - Immigrant Entrepreneur","isPartOf":{"@id":"https:\/\/immigrant-entrepreneur.ca\/#website"},"primaryImageOfPage":{"@id":"https:\/\/immigrant-entrepreneur.ca\/?page_id=717#primaryimage"},"image":{"@id":"https:\/\/immigrant-entrepreneur.ca\/?page_id=717#primaryimage"},"thumbnailUrl":"https:\/\/immigrant-entrepreneur.ca\/wp-content\/uploads\/2020\/05\/canada-1334165_1920-1024x768.jpg","datePublished":"2020-05-20T19:16:23+00:00","dateModified":"2025-09-16T19:19:03+00:00","breadcrumb":{"@id":"https:\/\/immigrant-entrepreneur.ca\/?page_id=717#breadcrumb"},"inLanguage":"en-US","potentialAction":[{"@type":"ReadAction","target":["https:\/\/immigrant-entrepreneur.ca\/?page_id=717"]}]},{"@type":"ImageObject","inLanguage":"en-US","@id":"https:\/\/immigrant-entrepreneur.ca\/?page_id=717#primaryimage","url":"https:\/\/immigrant-entrepreneur.ca\/wp-content\/uploads\/2020\/05\/canada-1334165_1920.jpg","contentUrl":"https:\/\/immigrant-entrepreneur.ca\/wp-content\/uploads\/2020\/05\/canada-1334165_1920.jpg","width":1920,"height":1440},{"@type":"BreadcrumbList","@id":"https:\/\/immigrant-entrepreneur.ca\/?page_id=717#breadcrumb","itemListElement":[{"@type":"ListItem","position":1,"name":"Home","item":"https:\/\/immigrant-entrepreneur.ca\/"},{"@type":"ListItem","position":2,"name":"CE BLOG"}]},{"@type":"WebSite","@id":"https:\/\/immigrant-entrepreneur.ca\/#website","url":"https:\/\/immigrant-entrepreneur.ca\/","name":"Immigrant Entrepreneur","description":"","potentialAction":[{"@type":"SearchAction","target":{"@type":"EntryPoint","urlTemplate":"https:\/\/immigrant-entrepreneur.ca\/?s={search_term_string}"},"query-input":{"@type":"PropertyValueSpecification","valueRequired":true,"valueName":"search_term_string"}}],"inLanguage":"en-US"}]}},"_links":{"self":[{"href":"https:\/\/immigrant-entrepreneur.ca\/index.php?rest_route=\/wp\/v2\/pages\/717","targetHints":{"allow":["GET"]}}],"collection":[{"href":"https:\/\/immigrant-entrepreneur.ca\/index.php?rest_route=\/wp\/v2\/pages"}],"about":[{"href":"https:\/\/immigrant-entrepreneur.ca\/index.php?rest_route=\/wp\/v2\/types\/page"}],"author":[{"embeddable":true,"href":"https:\/\/immigrant-entrepreneur.ca\/index.php?rest_route=\/wp\/v2\/users\/2"}],"replies":[{"embeddable":true,"href":"https:\/\/immigrant-entrepreneur.ca\/index.php?rest_route=%2Fwp%2Fv2%2Fcomments&post=717"}],"version-history":[{"count":9,"href":"https:\/\/immigrant-entrepreneur.ca\/index.php?rest_route=\/wp\/v2\/pages\/717\/revisions"}],"predecessor-version":[{"id":1166,"href":"https:\/\/immigrant-entrepreneur.ca\/index.php?rest_route=\/wp\/v2\/pages\/717\/revisions\/1166"}],"wp:attachment":[{"href":"https:\/\/immigrant-entrepreneur.ca\/index.php?rest_route=%2Fwp%2Fv2%2Fmedia&parent=717"}],"curies":[{"name":"wp","href":"https:\/\/api.w.org\/{rel}","templated":true}]}}