{"id":1080,"date":"2025-08-28T17:14:31","date_gmt":"2025-08-28T21:14:31","guid":{"rendered":"https:\/\/immigrant-entrepreneur.ca\/?page_id=1080"},"modified":"2025-08-28T17:14:36","modified_gmt":"2025-08-28T21:14:36","slug":"me-wendy-chavez","status":"publish","type":"page","link":"https:\/\/immigrant-entrepreneur.ca\/?page_id=1080","title":{"rendered":"Me Wendy Chavez"},"content":{"rendered":"\t\t<div data-elementor-type=\"wp-page\" data-elementor-id=\"1080\" class=\"elementor elementor-1080\">\n\t\t\t\t\t\t<section class=\"elementor-section elementor-top-section elementor-element elementor-element-b38652a elementor-section-boxed elementor-section-height-default elementor-section-height-default\" data-id=\"b38652a\" data-element_type=\"section\">\n\t\t\t\t\t\t<div class=\"elementor-container elementor-column-gap-default\">\n\t\t\t\t\t<div class=\"elementor-column elementor-col-50 elementor-top-column elementor-element elementor-element-98f5cfb\" data-id=\"98f5cfb\" data-element_type=\"column\">\n\t\t\t<div class=\"elementor-widget-wrap elementor-element-populated\">\n\t\t\t\t\t\t<div class=\"elementor-element elementor-element-4c61eec elementor-widget elementor-widget-text-editor\" data-id=\"4c61eec\" data-element_type=\"widget\" data-widget_type=\"text-editor.default\">\n\t\t\t\t<div class=\"elementor-widget-container\">\n\t\t\t\t\t\t\t\t\t<h4><strong>ME WENDY CHAVEZ<\/strong><\/h4><p>Me Wendy Chavez est une avocate reconnue avec une expertise en droit du travail et en immigration. Elle accompagne ses clients dans la r\u00e9daction de contrats, la gestion de litiges du travail et le respect des r\u00e9glementations l\u00e9gales. De plus, Wendy se sp\u00e9cialise dans l&#8217;int\u00e9gration des travailleurs \u00e9trangers et assure la conformit\u00e9 des contrats de travail avec les obligations l\u00e9gales des employeurs.<\/p><p>Avec une connaissance approfondie en gouvernance, Wendy conseille les conseils d&#8217;administration dans la pr\u00e9vention et la r\u00e9solution de conflits, toujours avec une approche humaine et claire. Sa capacit\u00e9 \u00e0 rendre le droit accessible et moins intimidant lui permet d&#8217;\u00e9tablir des relations de confiance avec ses clients.<\/p><p>Gr\u00e2ce \u00e0 son exp\u00e9rience dans divers contextes culturels, Wendy offre des services personnalis\u00e9s et adapt\u00e9s \u00e0 diff\u00e9rentes r\u00e9alit\u00e9s. Elle se distingue en transformant les d\u00e9fis en opportunit\u00e9s, demeurant fid\u00e8le \u00e0 ses valeurs de collaboration, transparence et empathie. Wendy s&#8217;engage pleinement avec ses clients, explorant toutes les options possibles pour concevoir des solutions efficaces.<\/p><p>Pour Wendy, \u00eatre avocate repr\u00e9sente la combinaison parfaite entre sa passion pour les relations humaines et son int\u00e9r\u00eat pour le droit. Elle est passionn\u00e9e par le droit du travail et la gouvernance d&#8217;organismes sans but lucratif, car ils placent les personnes au centre des probl\u00e8mes juridiques.<\/p><p>Consultez le profil complet de Me Ch\u00e1vez <a href=\"https:\/\/wmr-law.ca\/me-wendy-chavez\/\"><strong>ICI<\/strong><\/a>, ainsi que celui du reste des membres de l&#8217;\u00e9quipe WMR \u00e0 <a href=\"https:\/\/wmr-law.ca\/notre-equipe\/\"><strong>CE LIEN<\/strong><\/a>.<\/p>\t\t\t\t\t\t\t\t<\/div>\n\t\t\t\t<\/div>\n\t\t\t\t\t<\/div>\n\t\t<\/div>\n\t\t\t\t<div class=\"elementor-column elementor-col-50 elementor-top-column elementor-element elementor-element-5ea8a71\" data-id=\"5ea8a71\" data-element_type=\"column\">\n\t\t\t<div class=\"elementor-widget-wrap elementor-element-populated\">\n\t\t\t\t\t\t<div class=\"elementor-element elementor-element-23f8746 elementor-widget elementor-widget-image\" data-id=\"23f8746\" data-element_type=\"widget\" data-widget_type=\"image.default\">\n\t\t\t\t<div class=\"elementor-widget-container\">\n\t\t\t\t\t\t\t\t\t\t\t\t\t\t\t<img fetchpriority=\"high\" decoding=\"async\" width=\"684\" height=\"1024\" src=\"https:\/\/immigrant-entrepreneur.ca\/wp-content\/uploads\/2025\/08\/Wendy-2-684x1024.jpg\" class=\"attachment-large size-large wp-image-1083\" alt=\"\" srcset=\"https:\/\/immigrant-entrepreneur.ca\/wp-content\/uploads\/2025\/08\/Wendy-2-684x1024.jpg 684w, https:\/\/immigrant-entrepreneur.ca\/wp-content\/uploads\/2025\/08\/Wendy-2-200x300.jpg 200w, https:\/\/immigrant-entrepreneur.ca\/wp-content\/uploads\/2025\/08\/Wendy-2-768x1150.jpg 768w, https:\/\/immigrant-entrepreneur.ca\/wp-content\/uploads\/2025\/08\/Wendy-2-1025x1536.jpg 1025w, https:\/\/immigrant-entrepreneur.ca\/wp-content\/uploads\/2025\/08\/Wendy-2-1367x2048.jpg 1367w, https:\/\/immigrant-entrepreneur.ca\/wp-content\/uploads\/2025\/08\/Wendy-2-scaled.jpg 1709w\" sizes=\"(max-width: 684px) 100vw, 684px\" \/>\t\t\t\t\t\t\t\t\t\t\t\t\t\t\t<\/div>\n\t\t\t\t<\/div>\n\t\t\t\t<div class=\"elementor-element elementor-element-7d820e0 elementor-widget elementor-widget-wp-widget-recent-posts\" data-id=\"7d820e0\" data-element_type=\"widget\" data-widget_type=\"wp-widget-recent-posts.default\">\n\t\t\t\t<div class=\"elementor-widget-container\">\n\t\t\t\t\t\n\t\t\n\t\t<h5>Derniers articles<\/h5>\n\t\t<ul>\n\t\t\t\t\t\t\t\t\t\t\t<li>\n\t\t\t\t\t<a href=\"https:\/\/immigrant-entrepreneur.ca\/?p=610&#038;lang=en\">Top 7 Immigration Mistakes to be Avoided<\/a>\n\t\t\t\t\t\t\t\t\t<\/li>\n\t\t\t\t\t\t\t\t\t\t\t<li>\n\t\t\t\t\t<a href=\"https:\/\/immigrant-entrepreneur.ca\/?p=538\">Les 7 erreurs \u00e0 ne pas commettre au cours de son immigration au Canada<\/a>\n\t\t\t\t\t\t\t\t\t<\/li>\n\t\t\t\t\t<\/ul>\n\n\t\t\t\t\t\t<\/div>\n\t\t\t\t<\/div>\n\t\t\t\t<div class=\"elementor-element elementor-element-a11693f elementor-widget elementor-widget-wp-widget-categories\" data-id=\"a11693f\" data-element_type=\"widget\" data-widget_type=\"wp-widget-categories.default\">\n\t\t\t\t<div class=\"elementor-widget-container\">\n\t\t\t\t\t<h5>Categories<\/h5><form action=\"https:\/\/immigrant-entrepreneur.ca\" method=\"get\"><label class=\"screen-reader-text\" for=\"cat\">Categories<\/label><select  name='cat' id='cat' class='postform'>\n\t<option value='-1'>Select Category<\/option>\n\t<option class=\"level-0\" value=\"2\">Immigration<\/option>\n\t<option class=\"level-0\" value=\"23\">Immigration<\/option>\n<\/select>\n<\/form><script type=\"text\/javascript\">\n\/* <![CDATA[ *\/\n\n(function() {\n\tvar dropdown = document.getElementById( \"cat\" );\n\tfunction onCatChange() {\n\t\tif ( dropdown.options[ dropdown.selectedIndex ].value > 0 ) {\n\t\t\tdropdown.parentNode.submit();\n\t\t}\n\t}\n\tdropdown.onchange = onCatChange;\n})();\n\n\/* ]]> *\/\n<\/script>\n\t\t\t\t<\/div>\n\t\t\t\t<\/div>\n\t\t\t\t<div class=\"elementor-element elementor-element-31ec23d elementor-widget elementor-widget-wp-widget-tag_cloud\" data-id=\"31ec23d\" data-element_type=\"widget\" data-widget_type=\"wp-widget-tag_cloud.default\">\n\t\t\t\t<div class=\"elementor-widget-container\">\n\t\t\t\t\t<h5>\u00c9tiquettes<\/h5><div class=\"tagcloud\"><a href=\"https:\/\/immigrant-entrepreneur.ca\/?tag=erreurs\" class=\"tag-cloud-link tag-link-3 tag-link-position-1\" style=\"font-size: 8pt;\" aria-label=\"erreurs (1 item)\">erreurs<\/a>\n<a href=\"https:\/\/immigrant-entrepreneur.ca\/?tag=mistakes&#038;lang=en\" class=\"tag-cloud-link tag-link-25 tag-link-position-2\" style=\"font-size: 8pt;\" aria-label=\"mistakes (1 item)\">mistakes<\/a>\n<a href=\"https:\/\/immigrant-entrepreneur.ca\/?tag=planification\" class=\"tag-cloud-link tag-link-4 tag-link-position-3\" style=\"font-size: 8pt;\" aria-label=\"planification (1 item)\">planification<\/a>\n<a href=\"https:\/\/immigrant-entrepreneur.ca\/?tag=planning&#038;lang=en\" class=\"tag-cloud-link tag-link-27 tag-link-position-4\" style=\"font-size: 8pt;\" aria-label=\"planning (1 item)\">planning<\/a><\/div>\n\t\t\t\t<\/div>\n\t\t\t\t<\/div>\n\t\t\t\t<div class=\"elementor-element elementor-element-5e517f9 elementor-widget elementor-widget-wp-widget-search\" data-id=\"5e517f9\" data-element_type=\"widget\" data-widget_type=\"wp-widget-search.default\">\n\t\t\t\t<div class=\"elementor-widget-container\">\n\t\t\t\t\t<form role=\"search\" class=\"search-form\" action=\"https:\/\/immigrant-entrepreneur.ca\/\">\r\n <div>\r\n  <label class=\"sr-only\">Search for:<\/label>\r\n   <input type=\"text\" name=\"s\" value=\"\" placeholder=\"Search&hellip;\">\r\n   <input type=\"submit\" value=\"\">\r\n  <\/div>\r\n <\/form>\t\t\t\t<\/div>\n\t\t\t\t<\/div>\n\t\t\t\t\t<\/div>\n\t\t<\/div>\n\t\t\t\t\t<\/div>\n\t\t<\/section>\n\t\t\t\t<\/div>\n\t\t","protected":false},"excerpt":{"rendered":"<p>ME WENDY CHAVEZ Me Wendy Chavez est une avocate reconnue avec une expertise en droit du travail et en immigration. Elle accompagne ses clients dans la r\u00e9daction de contrats, la gestion de litiges du travail et le respect des r\u00e9glementations l\u00e9gales. De plus, Wendy se sp\u00e9cialise dans l&#8217;int\u00e9gration des travailleurs \u00e9trangers et assure la conformit\u00e9 [&hellip;]<\/p>\n","protected":false},"author":2,"featured_media":0,"parent":0,"menu_order":0,"comment_status":"closed","ping_status":"closed","template":"","meta":{"footnotes":""},"class_list":["post-1080","page","type-page","status-publish","hentry"],"yoast_head":"<!-- This site is optimized with the Yoast SEO plugin v25.8 - https:\/\/yoast.com\/wordpress\/plugins\/seo\/ -->\n<title>Me Wendy Chavez - Immigrant Entrepreneur<\/title>\n<meta name=\"robots\" content=\"index, follow, max-snippet:-1, max-image-preview:large, max-video-preview:-1\" \/>\n<link rel=\"canonical\" href=\"https:\/\/immigrant-entrepreneur.ca\/?page_id=1080\" \/>\n<meta property=\"og:locale\" content=\"en_US\" \/>\n<meta property=\"og:type\" content=\"article\" \/>\n<meta property=\"og:title\" content=\"Me Wendy Chavez - Immigrant Entrepreneur\" \/>\n<meta property=\"og:description\" content=\"ME WENDY CHAVEZ Me Wendy Chavez est une avocate reconnue avec une expertise en droit du travail et en immigration. Elle accompagne ses clients dans la r\u00e9daction de contrats, la gestion de litiges du travail et le respect des r\u00e9glementations l\u00e9gales. De plus, Wendy se sp\u00e9cialise dans l&#8217;int\u00e9gration des travailleurs \u00e9trangers et assure la conformit\u00e9 [&hellip;]\" \/>\n<meta property=\"og:url\" content=\"https:\/\/immigrant-entrepreneur.ca\/?page_id=1080\" \/>\n<meta property=\"og:site_name\" content=\"Immigrant Entrepreneur\" \/>\n<meta property=\"article:modified_time\" content=\"2025-08-28T21:14:36+00:00\" \/>\n<meta property=\"og:image\" content=\"https:\/\/immigrant-entrepreneur.ca\/wp-content\/uploads\/2025\/08\/Wendy-2-scaled.jpg\" \/>\n\t<meta property=\"og:image:width\" content=\"1709\" \/>\n\t<meta property=\"og:image:height\" content=\"2560\" \/>\n\t<meta property=\"og:image:type\" content=\"image\/jpeg\" \/>\n<meta name=\"twitter:card\" content=\"summary_large_image\" \/>\n<meta name=\"twitter:label1\" content=\"Est. reading time\" \/>\n\t<meta name=\"twitter:data1\" content=\"1 minute\" \/>\n<script type=\"application\/ld+json\" class=\"yoast-schema-graph\">{\"@context\":\"https:\/\/schema.org\",\"@graph\":[{\"@type\":\"WebPage\",\"@id\":\"https:\/\/immigrant-entrepreneur.ca\/?page_id=1080\",\"url\":\"https:\/\/immigrant-entrepreneur.ca\/?page_id=1080\",\"name\":\"Me Wendy Chavez - Immigrant Entrepreneur\",\"isPartOf\":{\"@id\":\"https:\/\/immigrant-entrepreneur.ca\/#website\"},\"primaryImageOfPage\":{\"@id\":\"https:\/\/immigrant-entrepreneur.ca\/?page_id=1080#primaryimage\"},\"image\":{\"@id\":\"https:\/\/immigrant-entrepreneur.ca\/?page_id=1080#primaryimage\"},\"thumbnailUrl\":\"https:\/\/immigrant-entrepreneur.ca\/wp-content\/uploads\/2025\/08\/Wendy-2-684x1024.jpg\",\"datePublished\":\"2025-08-28T21:14:31+00:00\",\"dateModified\":\"2025-08-28T21:14:36+00:00\",\"breadcrumb\":{\"@id\":\"https:\/\/immigrant-entrepreneur.ca\/?page_id=1080#breadcrumb\"},\"inLanguage\":\"en-US\",\"potentialAction\":[{\"@type\":\"ReadAction\",\"target\":[\"https:\/\/immigrant-entrepreneur.ca\/?page_id=1080\"]}]},{\"@type\":\"ImageObject\",\"inLanguage\":\"en-US\",\"@id\":\"https:\/\/immigrant-entrepreneur.ca\/?page_id=1080#primaryimage\",\"url\":\"https:\/\/immigrant-entrepreneur.ca\/wp-content\/uploads\/2025\/08\/Wendy-2-scaled.jpg\",\"contentUrl\":\"https:\/\/immigrant-entrepreneur.ca\/wp-content\/uploads\/2025\/08\/Wendy-2-scaled.jpg\",\"width\":1709,\"height\":2560},{\"@type\":\"BreadcrumbList\",\"@id\":\"https:\/\/immigrant-entrepreneur.ca\/?page_id=1080#breadcrumb\",\"itemListElement\":[{\"@type\":\"ListItem\",\"position\":1,\"name\":\"Home\",\"item\":\"https:\/\/immigrant-entrepreneur.ca\/\"},{\"@type\":\"ListItem\",\"position\":2,\"name\":\"Me Wendy Chavez\"}]},{\"@type\":\"WebSite\",\"@id\":\"https:\/\/immigrant-entrepreneur.ca\/#website\",\"url\":\"https:\/\/immigrant-entrepreneur.ca\/\",\"name\":\"Immigrant Entrepreneur\",\"description\":\"\",\"potentialAction\":[{\"@type\":\"SearchAction\",\"target\":{\"@type\":\"EntryPoint\",\"urlTemplate\":\"https:\/\/immigrant-entrepreneur.ca\/?s={search_term_string}\"},\"query-input\":{\"@type\":\"PropertyValueSpecification\",\"valueRequired\":true,\"valueName\":\"search_term_string\"}}],\"inLanguage\":\"en-US\"}]}<\/script>\n<!-- \/ Yoast SEO plugin. -->","yoast_head_json":{"title":"Me Wendy Chavez - Immigrant Entrepreneur","robots":{"index":"index","follow":"follow","max-snippet":"max-snippet:-1","max-image-preview":"max-image-preview:large","max-video-preview":"max-video-preview:-1"},"canonical":"https:\/\/immigrant-entrepreneur.ca\/?page_id=1080","og_locale":"en_US","og_type":"article","og_title":"Me Wendy Chavez - Immigrant Entrepreneur","og_description":"ME WENDY CHAVEZ Me Wendy Chavez est une avocate reconnue avec une expertise en droit du travail et en immigration. Elle accompagne ses clients dans la r\u00e9daction de contrats, la gestion de litiges du travail et le respect des r\u00e9glementations l\u00e9gales. De plus, Wendy se sp\u00e9cialise dans l&#8217;int\u00e9gration des travailleurs \u00e9trangers et assure la conformit\u00e9 [&hellip;]","og_url":"https:\/\/immigrant-entrepreneur.ca\/?page_id=1080","og_site_name":"Immigrant Entrepreneur","article_modified_time":"2025-08-28T21:14:36+00:00","og_image":[{"width":1709,"height":2560,"url":"https:\/\/immigrant-entrepreneur.ca\/wp-content\/uploads\/2025\/08\/Wendy-2-scaled.jpg","type":"image\/jpeg"}],"twitter_card":"summary_large_image","twitter_misc":{"Est. reading time":"1 minute"},"schema":{"@context":"https:\/\/schema.org","@graph":[{"@type":"WebPage","@id":"https:\/\/immigrant-entrepreneur.ca\/?page_id=1080","url":"https:\/\/immigrant-entrepreneur.ca\/?page_id=1080","name":"Me Wendy Chavez - Immigrant Entrepreneur","isPartOf":{"@id":"https:\/\/immigrant-entrepreneur.ca\/#website"},"primaryImageOfPage":{"@id":"https:\/\/immigrant-entrepreneur.ca\/?page_id=1080#primaryimage"},"image":{"@id":"https:\/\/immigrant-entrepreneur.ca\/?page_id=1080#primaryimage"},"thumbnailUrl":"https:\/\/immigrant-entrepreneur.ca\/wp-content\/uploads\/2025\/08\/Wendy-2-684x1024.jpg","datePublished":"2025-08-28T21:14:31+00:00","dateModified":"2025-08-28T21:14:36+00:00","breadcrumb":{"@id":"https:\/\/immigrant-entrepreneur.ca\/?page_id=1080#breadcrumb"},"inLanguage":"en-US","potentialAction":[{"@type":"ReadAction","target":["https:\/\/immigrant-entrepreneur.ca\/?page_id=1080"]}]},{"@type":"ImageObject","inLanguage":"en-US","@id":"https:\/\/immigrant-entrepreneur.ca\/?page_id=1080#primaryimage","url":"https:\/\/immigrant-entrepreneur.ca\/wp-content\/uploads\/2025\/08\/Wendy-2-scaled.jpg","contentUrl":"https:\/\/immigrant-entrepreneur.ca\/wp-content\/uploads\/2025\/08\/Wendy-2-scaled.jpg","width":1709,"height":2560},{"@type":"BreadcrumbList","@id":"https:\/\/immigrant-entrepreneur.ca\/?page_id=1080#breadcrumb","itemListElement":[{"@type":"ListItem","position":1,"name":"Home","item":"https:\/\/immigrant-entrepreneur.ca\/"},{"@type":"ListItem","position":2,"name":"Me Wendy Chavez"}]},{"@type":"WebSite","@id":"https:\/\/immigrant-entrepreneur.ca\/#website","url":"https:\/\/immigrant-entrepreneur.ca\/","name":"Immigrant Entrepreneur","description":"","potentialAction":[{"@type":"SearchAction","target":{"@type":"EntryPoint","urlTemplate":"https:\/\/immigrant-entrepreneur.ca\/?s={search_term_string}"},"query-input":{"@type":"PropertyValueSpecification","valueRequired":true,"valueName":"search_term_string"}}],"inLanguage":"en-US"}]}},"_links":{"self":[{"href":"https:\/\/immigrant-entrepreneur.ca\/index.php?rest_route=\/wp\/v2\/pages\/1080","targetHints":{"allow":["GET"]}}],"collection":[{"href":"https:\/\/immigrant-entrepreneur.ca\/index.php?rest_route=\/wp\/v2\/pages"}],"about":[{"href":"https:\/\/immigrant-entrepreneur.ca\/index.php?rest_route=\/wp\/v2\/types\/page"}],"author":[{"embeddable":true,"href":"https:\/\/immigrant-entrepreneur.ca\/index.php?rest_route=\/wp\/v2\/users\/2"}],"replies":[{"embeddable":true,"href":"https:\/\/immigrant-entrepreneur.ca\/index.php?rest_route=%2Fwp%2Fv2%2Fcomments&post=1080"}],"version-history":[{"count":5,"href":"https:\/\/immigrant-entrepreneur.ca\/index.php?rest_route=\/wp\/v2\/pages\/1080\/revisions"}],"predecessor-version":[{"id":1088,"href":"https:\/\/immigrant-entrepreneur.ca\/index.php?rest_route=\/wp\/v2\/pages\/1080\/revisions\/1088"}],"wp:attachment":[{"href":"https:\/\/immigrant-entrepreneur.ca\/index.php?rest_route=%2Fwp%2Fv2%2Fmedia&parent=1080"}],"curies":[{"name":"wp","href":"https:\/\/api.w.org\/{rel}","templated":true}]}}